{"id":28373,"date":"2017-05-15T10:40:56","date_gmt":"2017-05-15T08:40:56","guid":{"rendered":"http:\/\/www.rafal.es\/el-ayuntamiento\/arees-municipals\/area-dhisenda-i-seguretat\/"},"modified":"2017-05-24T13:37:45","modified_gmt":"2017-05-24T11:37:45","slug":"area-dhisenda-i-seguretat","status":"publish","type":"page","link":"https:\/\/www.rafal.es\/ca\/el-ayuntamiento\/arees-municipals\/area-dhisenda-i-seguretat\/","title":{"rendered":"\u00c0rea d&#8217;Hisenda i Seguretat"},"content":{"rendered":"<p>La contribuci\u00f3 municipal a la prevenci\u00f3 i el manteniment de la seguretat ciutadana \u00e9s tasca priorit\u00e0ria d&#8217;aquesta regidoria. Per aix\u00f2 volem dur a terme projectes adre\u00e7ats a millorar la disponibilitat, la millora de serveis, l&#8217;augment de la competitivitat, la qual cosa, redund\u00e9s en un millor servei per a tots els rafale\u00f1os per part de la nostra policia local.<\/p>\n<p>&nbsp;<\/p>\n<p><strong>NOTICIA 1: RETALLADES A LES RETRIBUCIONS PER ASSIST\u00c8NCIA A JUNTES DE GOVERN I PLENS.<\/strong><\/p>\n<p>L&#8217;Ajuntament-Ple en sessi\u00f3 ordin\u00e0ria celebrada el dia <strong> 29 mar de dos mil dotze , va aprovar reduir les assignacions econ\u00f2miques dels membres de la corporaci\u00f3 municipal per assist\u00e8ncia a Junta de Govern en un 25% i suprimir les assignacions econ\u00f2miques dels membres de la corporaci\u00f3 municipal per assist\u00e8ncia a Ple.<\/strong><\/p>\n<p>&nbsp;<\/p>\n<p><strong>NOTICIA 2: INCORPORACI\u00d3 DE 3 POLICIES LOCALS A RAFAL<\/strong><\/p>\n<p>Els 3 aspirants a Policia Local de l&#8217;Excm. Ajuntament de Rafal han finalitzat la fase te\u00f2rica del &#8220;XLII CURS D&#8217;ACC\u00c9S A LA CATEGORIA D&#8217;AGENT&#8221; i han comen\u00e7at el seu per\u00edode de pr\u00e0ctiques a Rafal el 28 d&#8217;abril del 2012, d&#8217;acord amb el que estableix l&#8217;article 10.1 del Decret 88\/2001 , de 24 d&#8217;abril, del Govern Valenci\u00e0.<\/p>\n<p style=\"text-align: center;\"><strong>Contacte<\/strong><\/p>\n<p style=\"text-align: center;\"><strong>Regidoria d&#8217;Hisenda i Seguretat<\/strong><\/p>\n<p align=\"center\"><strong>\u00a0<\/strong><\/p>\n<p align=\"center\">Plaza de Espa\u00f1a, 1<br \/>\n03369 Rafal<br \/>\nTlfn: 966 75 22 67<br \/>\nFax: 966 75 25 72<\/p>\n<p align=\"center\"><img loading=\"lazy\" decoding=\"async\" class=\"size-full wp-image-25876 aligncenter\" src=\"http:\/\/www.rafal.es\/wp-content\/uploads\/2017\/04\/Policia-Local-de-Rafal-300x225.jpg\" alt=\"\" width=\"300\" height=\"225\" \/><\/p>\n","protected":false},"excerpt":{"rendered":"<p>La contribuci\u00f3 municipal a la prevenci\u00f3 i el manteniment de la seguretat ciutadana \u00e9s tasca priorit\u00e0ria d&#8217;aquesta regidoria. Per aix\u00f2 volem dur a terme projectes adre\u00e7ats a millorar la disponibilitat, la millora de serveis, l&#8217;augment de la competitivitat, la qual cosa, redund\u00e9s en un millor servei per a tots els rafale\u00f1os per part de la [&hellip;]<\/p>\n","protected":false},"author":1,"featured_media":0,"parent":28346,"menu_order":1,"comment_status":"closed","ping_status":"closed","template":"","meta":{"pgc_meta":"","_et_pb_use_builder":"","_et_pb_old_content":"","_et_gb_content_width":"","footnotes":""},"aioseo_notices":[],"pgc_meta":"","_links":{"self":[{"href":"https:\/\/www.rafal.es\/ca\/wp-json\/wp\/v2\/pages\/28373"}],"collection":[{"href":"https:\/\/www.rafal.es\/ca\/wp-json\/wp\/v2\/pages"}],"about":[{"href":"https:\/\/www.rafal.es\/ca\/wp-json\/wp\/v2\/types\/page"}],"author":[{"embeddable":true,"href":"https:\/\/www.rafal.es\/ca\/wp-json\/wp\/v2\/users\/1"}],"replies":[{"embeddable":true,"href":"https:\/\/www.rafal.es\/ca\/wp-json\/wp\/v2\/comments?post=28373"}],"version-history":[{"count":0,"href":"https:\/\/www.rafal.es\/ca\/wp-json\/wp\/v2\/pages\/28373\/revisions"}],"up":[{"embeddable":true,"href":"https:\/\/www.rafal.es\/ca\/wp-json\/wp\/v2\/pages\/28346"}],"wp:attachment":[{"href":"https:\/\/www.rafal.es\/ca\/wp-json\/wp\/v2\/media?parent=28373"}],"curies":[{"name":"wp","href":"https:\/\/api.w.org\/{rel}","templated":true}]}}

Àrea d&#8217;Hisenda i Seguretat

<p>La contribució municipal a la prevenció i el manteniment de la seguretat ciutadana és tasca prioritària d&#8217;aquesta regidoria. Per això volem dur a terme projectes adreçats a millorar la disponibilitat, la millora de serveis, l&#8217;augment de la competitivitat, la qual cosa, redundés en un millor servei per a tots els rafaleños per part de la nostra policia local.</p>
<p>&nbsp;</p>
<p><strong>NOTICIA 1: RETALLADES A LES RETRIBUCIONS PER ASSISTÈNCIA A JUNTES DE GOVERN I PLENS.</strong></p>
<p>L&#8217;Ajuntament-Ple en sessió ordinària celebrada el dia <strong> 29 mar de dos mil dotze , va aprovar reduir les assignacions econòmiques dels membres de la corporació municipal per assistència a Junta de Govern en un 25% i suprimir les assignacions econòmiques dels membres de la corporació municipal per assistència a Ple.</strong></p>
<p>&nbsp;</p>
<p><strong>NOTICIA 2: INCORPORACIÓ DE 3 POLICIES LOCALS A RAFAL</strong></p>
<p>Els 3 aspirants a Policia Local de l&#8217;Excm. Ajuntament de Rafal han finalitzat la fase teòrica del &#8220;XLII CURS D&#8217;ACCÉS A LA CATEGORIA D&#8217;AGENT&#8221; i han començat el seu període de pràctiques a Rafal el 28 d&#8217;abril del 2012, d&#8217;acord amb el que estableix l&#8217;article 10.1 del Decret 88/2001 , de 24 d&#8217;abril, del Govern Valencià.</p>
<p style="text-align: center;"><strong>Contacte</strong></p>
<p style="text-align: center;"><strong>Regidoria d&#8217;Hisenda i Seguretat</strong></p>
<p align="center"><strong> </strong></p>
<p align="center">Plaza de España, 1<br />
03369 Rafal<br />
Tlfn: 966 75 22 67<br />
Fax: 966 75 25 72</p>
<p align="center"><img loading="lazy" decoding="async" class="size-full wp-image-25876 aligncenter" src="http://www.rafal.es/wp-content/uploads/2017/04/Policia-Local-de-Rafal-300x225.jpg" alt="" width="300" height="225" /></p>

<p>La contribució municipal a la prevenció i el manteniment de la seguretat ciutadana és tasca prioritària d&#8217;aquesta regidoria. Per això volem dur a terme projectes adreçats a millorar la disponibilitat, la millora de serveis, l&#8217;augment de la competitivitat, la qual cosa, redundés en un millor servei per a tots els rafaleños per part de la [&hellip;]</p>
