{"id":28439,"date":"2017-05-15T14:29:36","date_gmt":"2017-05-15T12:29:36","guid":{"rendered":"http:\/\/www.rafal.es\/proteccio-de-dades\/"},"modified":"2017-05-15T14:29:36","modified_gmt":"2017-05-15T12:29:36","slug":"proteccio-de-dades","status":"publish","type":"page","link":"https:\/\/www.rafal.es\/ca\/proteccio-de-dades\/","title":{"rendered":"Protecci\u00f3 de dades"},"content":{"rendered":"<p>La visita als portals institucionals de l&#8217;Ajuntament de Rafal s&#8217;efectua en forma an\u00f2nima.<\/p>\n<p>Solament per a poder accedir a algun dels serveis de la web que disposen de gesti\u00f3 o tr\u00e0mit espec\u00edfic els usuaris hauran de subministrar les dades personals imprescindibles per a la prestaci\u00f3 del servei sol\u00b7licitat.<\/p>\n<p>Aquestes dades s&#8217;incorporaran als corresponents fitxers de l&#8217;Ajuntament d&#8217;i seran tractats de conformitat amb la regulaci\u00f3 establida per la Llei Org\u00e0nica 15\/1.999, de 13 de desembre, de Protecci\u00f3 de Dades de Car\u00e0cter Personal, i altres disposicions d&#8217;aplicaci\u00f3.<\/p>\n<p>Les dades recaptades \u00fanicament seran objecte de cessi\u00f3, si escau, previ consentiment de l&#8217;interessat o d&#8217;acord amb el previst en la citada Llei Org\u00e0nica de Protecci\u00f3 de Dades de Car\u00e0cter Personal.<\/p>\n<p>Les persones les dades personals de les quals consten en un fitxer de l&#8217;Ajuntament de podran exercitar els drets d&#8217;acc\u00e9s, rectificaci\u00f3, cancel\u00b7laci\u00f3 i oposici\u00f3, en la forma prevista en la Llei, davant l&#8217;\u00f2rgan responsable del fitxer.<\/p>\n","protected":false},"excerpt":{"rendered":"<p>La visita als portals institucionals de l&#8217;Ajuntament de Rafal s&#8217;efectua en forma an\u00f2nima. Solament per a poder accedir a algun dels serveis de la web que disposen de gesti\u00f3 o tr\u00e0mit espec\u00edfic els usuaris hauran de subministrar les dades personals imprescindibles per a la prestaci\u00f3 del servei sol\u00b7licitat. Aquestes dades s&#8217;incorporaran als corresponents fitxers de [&hellip;]<\/p>\n","protected":false},"author":1,"featured_media":0,"parent":0,"menu_order":0,"comment_status":"open","ping_status":"open","template":"","meta":{"pgc_meta":"","_et_pb_use_builder":"","_et_pb_old_content":"","_et_gb_content_width":"","footnotes":""},"aioseo_notices":[],"pgc_meta":"","_links":{"self":[{"href":"https:\/\/www.rafal.es\/ca\/wp-json\/wp\/v2\/pages\/28439"}],"collection":[{"href":"https:\/\/www.rafal.es\/ca\/wp-json\/wp\/v2\/pages"}],"about":[{"href":"https:\/\/www.rafal.es\/ca\/wp-json\/wp\/v2\/types\/page"}],"author":[{"embeddable":true,"href":"https:\/\/www.rafal.es\/ca\/wp-json\/wp\/v2\/users\/1"}],"replies":[{"embeddable":true,"href":"https:\/\/www.rafal.es\/ca\/wp-json\/wp\/v2\/comments?post=28439"}],"version-history":[{"count":0,"href":"https:\/\/www.rafal.es\/ca\/wp-json\/wp\/v2\/pages\/28439\/revisions"}],"wp:attachment":[{"href":"https:\/\/www.rafal.es\/ca\/wp-json\/wp\/v2\/media?parent=28439"}],"curies":[{"name":"wp","href":"https:\/\/api.w.org\/{rel}","templated":true}]}}

Protecció de dades

<p>La visita als portals institucionals de l&#8217;Ajuntament de Rafal s&#8217;efectua en forma anònima.</p>
<p>Solament per a poder accedir a algun dels serveis de la web que disposen de gestió o tràmit específic els usuaris hauran de subministrar les dades personals imprescindibles per a la prestació del servei sol·licitat.</p>
<p>Aquestes dades s&#8217;incorporaran als corresponents fitxers de l&#8217;Ajuntament d&#8217;i seran tractats de conformitat amb la regulació establida per la Llei Orgànica 15/1.999, de 13 de desembre, de Protecció de Dades de Caràcter Personal, i altres disposicions d&#8217;aplicació.</p>
<p>Les dades recaptades únicament seran objecte de cessió, si escau, previ consentiment de l&#8217;interessat o d&#8217;acord amb el previst en la citada Llei Orgànica de Protecció de Dades de Caràcter Personal.</p>
<p>Les persones les dades personals de les quals consten en un fitxer de l&#8217;Ajuntament de podran exercitar els drets d&#8217;accés, rectificació, cancel·lació i oposició, en la forma prevista en la Llei, davant l&#8217;òrgan responsable del fitxer.</p>

<p>La visita als portals institucionals de l&#8217;Ajuntament de Rafal s&#8217;efectua en forma anònima. Solament per a poder accedir a algun dels serveis de la web que disposen de gestió o tràmit específic els usuaris hauran de subministrar les dades personals imprescindibles per a la prestació del servei sol·licitat. Aquestes dades s&#8217;incorporaran als corresponents fitxers de [&hellip;]</p>
