{"id":28441,"date":"2017-05-15T14:31:35","date_gmt":"2017-05-15T12:31:35","guid":{"rendered":"http:\/\/www.rafal.es\/sant-joan-evangelista\/"},"modified":"2017-05-15T14:31:35","modified_gmt":"2017-05-15T12:31:35","slug":"sant-joan-evangelista","status":"publish","type":"page","link":"https:\/\/www.rafal.es\/ca\/sant-joan-evangelista\/","title":{"rendered":"Sant Joan Evangelista"},"content":{"rendered":"<p>La confraria es va iniciar per l&#8217;any 1954 amb quaranta-sis penitents, tots ells eren joves decidits a formar un grup processional que acompanyara a la imatge de la \u201cVerge dels Dolors\u201d.<\/p>\n<p>La imatge es deu a l&#8217;escultor Antonio Garc\u00eda Mengual, de M\u00farcia. Aquest mostra una clara inspiraci\u00f3 mediterr\u00e0nia i la influ\u00e8ncia del mestre de la imatgeria barroca Salzillo.<\/p>\n<p>En el rostre de \u201cSant Joan\u201d es poden apreciar trets gitanos que expressa la tendresa d&#8217;un xiquet i en la seua mirada d&#8217;home tot un sentiment d&#8217;amor cap a aquell que mor en la Creu per la salvaci\u00f3 del m\u00f3n. Amb el bra\u00e7 est\u00e8s i el seu dit al\u00e7at ens interpel\u00b7la al fet que ens fixem en la pena de Jes\u00fas i el dolor de la seua mare.<\/p>\n<p>La imatge vas veure t\u00fanica verda amb adorns en or i mantell roig que arreplega en el seu bra\u00e7 per a caminar amb pas decidit pels carrers del poble acompanyant a la \u201cVerge Dolorosa\u201d. El cromatisme de la seua indument\u00e0ria i els plecs sobre el seu cos delaten l&#8217;escola del seu art\u00edfex.<\/p>\n<p>En els seus or\u00edgens, els penitents desfilaven amb vestit compost de capa roja, vesta i caputx\u00f3 verd en el qual estava brodada l&#8217;\u00e0guila, emblema de Sant Joan Evangelista. Passats alguns anys a causa de l&#8217;augment del nombre de confrares es va substituir la vestimenta per t\u00fanica i caputx\u00f3 blancs i capa groga, desapareixent tamb\u00e9 el brodat de l&#8217;emblema.<\/p>\n<p>L&#8217;escultura de Sant Joan va ser pagada inicialment per Bautista Murcia, i el seu cost va ser d&#8217;unes 7.000 pessetes.<\/p>\n<p>Molts s\u00f3n les despeses que comporta l&#8217;aconseguir que una confraria puga traure al carrer a la seua imatge. Es necessita un tron on situar-la, uns bra\u00e7os de llums que il\u00b7luminen el rostre, l&#8217;arranjament floral\u2026 Pel que es van aliar la religi\u00f3 i la cultura i van formar una companyia teatral per a sufragar els costos, amb la qual van portar a escena obres com \u201cEl Geni Alegre\u201d, \u201c Els Interessos Creats\u201d\u2026 totes elles de gran \u00e8xit.<\/p>\n<p>Despr\u00e9s de diversos anys sense processionar, va haver-hi un grup de persones que van tornar a posar en actiu a la Confraria. Es van canviar els vestits, vestas blanques amb botons grocs, capa i capirotes grocs. Aquest canvi va ser a causa que els vestits anteriors es trobaven en mal estat.<\/p>\n<p>Van tornar anys d&#8217;inactivitat, per\u00f2 en 1986, i gr\u00e0cies al rector de Rafal en aquesta \u00e8poca, D. Joaquin Rodes Roca, i a un grup de joves, la Confraria va tornar a ressorgir. Van restaurar la imatge de \u201cSant Joan\u201d, que estava molt deteriorada, van arreplegar el tron dels seus inicis, ho van arreglar i van eixir en la process\u00f3 de Dissabte Sant d&#8217;aqueix mateix any.<\/p>\n<p>A l&#8217;any seg\u00fcent es va formar un grup m\u00e9s nombr\u00f3s, la Confraria de la \u201cVerge dels Dolors\u201d va regalar el seu tron, i de nou \u201cSant Joan\u201d va poder processionar en la Setmana Santa de Rafal.<\/p>\n<p>A partir d&#8217;ac\u00ed s&#8217;estableix una Junta Directiva, presidida per Francisco Salazar Garc\u00eda. Es van anar a Beniel i van comprar bra\u00e7os nous per al tron i a l&#8217;any seg\u00fcent es van fer els blandones amb els quals actualment es processiona.<\/p>\n<p>A poc a poc la Confraria anava augmentant en nombre de confrares i anava realitzant millores.<\/p>\n<p>Ja l&#8217;any 2000 es va decidir, despr\u00e9s d&#8217;una Junta general de confrares, i sent president de la Confraria David Baeza Rodriguez, canviar els vestits existents pels originals.<\/p>\n<p>L&#8217;any 2.001 es va comprar un nou tron, ja que l&#8217;existent de trobava en mal estat.<\/p>\n<p>[su_custom_gallery source=&#8221;media: 28146&#8243; link=&#8221;lightbox&#8221; width=&#8221;200&#8243; height=&#8221;200&#8243;]<\/p>\n<p>&nbsp;<\/p>\n","protected":false},"excerpt":{"rendered":"<p>La confraria es va iniciar per l&#8217;any 1954 amb quaranta-sis penitents, tots ells eren joves decidits a formar un grup processional que acompanyara a la imatge de la \u201cVerge dels Dolors\u201d. La imatge es deu a l&#8217;escultor Antonio Garc\u00eda Mengual, de M\u00farcia. Aquest mostra una clara inspiraci\u00f3 mediterr\u00e0nia i la influ\u00e8ncia del mestre de la [&hellip;]<\/p>\n","protected":false},"author":1,"featured_media":0,"parent":0,"menu_order":0,"comment_status":"closed","ping_status":"closed","template":"","meta":{"pgc_meta":"","_et_pb_use_builder":"","_et_pb_old_content":"","_et_gb_content_width":"","footnotes":""},"aioseo_notices":[],"pgc_meta":"","_links":{"self":[{"href":"https:\/\/www.rafal.es\/ca\/wp-json\/wp\/v2\/pages\/28441"}],"collection":[{"href":"https:\/\/www.rafal.es\/ca\/wp-json\/wp\/v2\/pages"}],"about":[{"href":"https:\/\/www.rafal.es\/ca\/wp-json\/wp\/v2\/types\/page"}],"author":[{"embeddable":true,"href":"https:\/\/www.rafal.es\/ca\/wp-json\/wp\/v2\/users\/1"}],"replies":[{"embeddable":true,"href":"https:\/\/www.rafal.es\/ca\/wp-json\/wp\/v2\/comments?post=28441"}],"version-history":[{"count":0,"href":"https:\/\/www.rafal.es\/ca\/wp-json\/wp\/v2\/pages\/28441\/revisions"}],"wp:attachment":[{"href":"https:\/\/www.rafal.es\/ca\/wp-json\/wp\/v2\/media?parent=28441"}],"curies":[{"name":"wp","href":"https:\/\/api.w.org\/{rel}","templated":true}]}}

<p>La confraria es va iniciar per l&#8217;any 1954 amb quaranta-sis penitents, tots ells eren joves decidits a formar un grup processional que acompanyara a la imatge de la “Verge dels Dolors”.</p>
<p>La imatge es deu a l&#8217;escultor Antonio García Mengual, de Múrcia. Aquest mostra una clara inspiració mediterrània i la influència del mestre de la imatgeria barroca Salzillo.</p>
<p>En el rostre de “Sant Joan” es poden apreciar trets gitanos que expressa la tendresa d&#8217;un xiquet i en la seua mirada d&#8217;home tot un sentiment d&#8217;amor cap a aquell que mor en la Creu per la salvació del món. Amb el braç estès i el seu dit alçat ens interpel·la al fet que ens fixem en la pena de Jesús i el dolor de la seua mare.</p>
<p>La imatge vas veure túnica verda amb adorns en or i mantell roig que arreplega en el seu braç per a caminar amb pas decidit pels carrers del poble acompanyant a la “Verge Dolorosa”. El cromatisme de la seua indumentària i els plecs sobre el seu cos delaten l&#8217;escola del seu artífex.</p>
<p>En els seus orígens, els penitents desfilaven amb vestit compost de capa roja, vesta i caputxó verd en el qual estava brodada l&#8217;àguila, emblema de Sant Joan Evangelista. Passats alguns anys a causa de l&#8217;augment del nombre de confrares es va substituir la vestimenta per túnica i caputxó blancs i capa groga, desapareixent també el brodat de l&#8217;emblema.</p>
<p>L&#8217;escultura de Sant Joan va ser pagada inicialment per Bautista Murcia, i el seu cost va ser d&#8217;unes 7.000 pessetes.</p>
<p>Molts són les despeses que comporta l&#8217;aconseguir que una confraria puga traure al carrer a la seua imatge. Es necessita un tron on situar-la, uns braços de llums que il·luminen el rostre, l&#8217;arranjament floral… Pel que es van aliar la religió i la cultura i van formar una companyia teatral per a sufragar els costos, amb la qual van portar a escena obres com “El Geni Alegre”, “ Els Interessos Creats”… totes elles de gran èxit.</p>
<p>Després de diversos anys sense processionar, va haver-hi un grup de persones que van tornar a posar en actiu a la Confraria. Es van canviar els vestits, vestas blanques amb botons grocs, capa i capirotes grocs. Aquest canvi va ser a causa que els vestits anteriors es trobaven en mal estat.</p>
<p>Van tornar anys d&#8217;inactivitat, però en 1986, i gràcies al rector de Rafal en aquesta època, D. Joaquin Rodes Roca, i a un grup de joves, la Confraria va tornar a ressorgir. Van restaurar la imatge de “Sant Joan”, que estava molt deteriorada, van arreplegar el tron dels seus inicis, ho van arreglar i van eixir en la processó de Dissabte Sant d&#8217;aqueix mateix any.</p>
<p>A l&#8217;any següent es va formar un grup més nombrós, la Confraria de la “Verge dels Dolors” va regalar el seu tron, i de nou “Sant Joan” va poder processionar en la Setmana Santa de Rafal.</p>
<p>A partir d&#8217;ací s&#8217;estableix una Junta Directiva, presidida per Francisco Salazar García. Es van anar a Beniel i van comprar braços nous per al tron i a l&#8217;any següent es van fer els blandones amb els quals actualment es processiona.</p>
<p>A poc a poc la Confraria anava augmentant en nombre de confrares i anava realitzant millores.</p>
<p>Ja l&#8217;any 2000 es va decidir, després d&#8217;una Junta general de confrares, i sent president de la Confraria David Baeza Rodriguez, canviar els vestits existents pels originals.</p>
<p>L&#8217;any 2.001 es va comprar un nou tron, ja que l&#8217;existent de trobava en mal estat.</p>
<p>[su_custom_gallery source=&#8221;media: 28146&#8243; link=&#8221;lightbox&#8221; width=&#8221;200&#8243; height=&#8221;200&#8243;]</p>
<p>&nbsp;</p>

<p>La confraria es va iniciar per l&#8217;any 1954 amb quaranta-sis penitents, tots ells eren joves decidits a formar un grup processional que acompanyara a la imatge de la “Verge dels Dolors”. La imatge es deu a l&#8217;escultor Antonio García Mengual, de Múrcia. Aquest mostra una clara inspiració mediterrània i la influència del mestre de la [&hellip;]</p>
